late x(-6).
128
Let f(a) = 210*a**2 + 1837*a - 3671. What is f(2)?
843
Let a(p) = -3*p**3 - 13*p**2 - 59*p + 190. What is a(2)?
-4
Let n(a) = a**2 + 1271*a - 103801. Calculate n(77).
-5
Let l(m) = 10*m**3 + 602*m**2 + 713*m + 137. Determine l(-59).
-158
Let r(y) = -45552*y - 1002125. Give r(-22).
19
Let c(h) = 535*h - 1590. Give c(3).
15
Let c(d) = -d**3 + 302*d**2 - 218*d + 65831. Determine c(302).
-5
Let b(d) = -3*d**3 + 4*d**2 + 33*d + 121. Determine b(-3).
139
Let o(b) = -5*b**3 - 29*b**2 - 624*b - 4615. Give o(-7).
47
Let v(w) = -w**3 + 54*w**2 + w - 235. Determine v(54).
-181
Let q(b) = -3*b**2 - 782*b + 21405. Give q(25).
-20
Let p(h) = -2*h**2 + 34*h - 334. Give p(22).
-554
Let q(m) = 3*m**2 - 57*m + 443. Give q(0).
443
Let p(w) = 17*w**3 + 29*w + 32. Give p(0).
32
Let a(q) = -284*q**3 - 116724*q**2 - 14. What is a(-411)?
-14
Let n(x) = -5*x**3 + 40*x**2 + 256*x + 39. Determine n(-6).
1023
Let q(a) = 70667*a + 141350. What is q(-2)?
16
Let n(y) = y**3 + 68*y**2 - 1153*y - 352. Determine n(-82).
58
Let q(x) = 9*x**3 - 583*x**2 + 2724*x - 74. Calculate q(5).
96
Let l(p) = -348492*p + 2439449. Determine l(7).
5
Let x(j) = 16*j**2 + 385*j - 2835. Determine x(6).
51
Let z(l) = 46*l**2 + 1473*l + 6. What is z(-32)?
-26
Let o(h) = -1903*h + 17045. Determine o(9).
-82
Let f(b) = -b**3 + 36*b**2 + 241*b - 86. Calculate f(-6).
-20
Let r(i) = -2*i**3 + 104*i**2 - 1249*i + 171. Give r(19).
266
Let c(w) = -2*w**3 + 14527*w**2 - 29044*w + 5. Give c(2).
9
Let i(q) = 2*q**3 + q**2 - 199*q - 413. What is i(-9)?
1
Let p(m) = -178133*m + 3562475. Give p(20).
-185
Let p(k) = 197*k + 15798. Give p(-93).
-2523
Let p(f) = 19893*f + 159140. Give p(-8).
-4
Let v(z) = 1159*z + 2628. What is v(-2)?
310
Let k(z) = -524*z + 5711. Determine k(9).
995
Let h(w) = -33*w**3 - 18*w**2 - 61*w + 3. Give h(-3).
915
Let b(v) = -3*v**3 + 2*v**2 - 93*v - 497. What is b(0)?
-497
Let b(j) = -32*j**3 - j**2 + 8*j - 7. Determine b(2).
-251
Let d(s) = 317*s**2 + 14*s + 6. Give d(1).
337
Let g(i) = 20745*i + 726100. Determine g(-35).
25
Let w(u) = u**2 - 337*u - 580787. What is w(949)?
1
Let g(a) = -a**3 - 823*a**2 + 30032*a + 1. Calculate g(35).
71
Let p(x) = x**3 - 31*x**2 - 153*x - 34. Give p(-5).
-169
Let l(f) = -2*f**3 + 236*f**2 + 53*f - 2014. Determine l(118).
4240
Let d(i) = -i**3 + 296*i**2 - 20317*i + 2441. Give d(188).
-3
Let u(s) = -s**3 - 50*s**2 - 420*s - 1837. Give u(-41).
254
Let j(a) = -a**3 - 609*a**2 - 5171*a + 137443. Determine j(-600).
43
Let j(p) = -170166*p - 1531497. What is j(-9)?
-3
Let z(k) = 2*k**3 - 55*k - 1. Calculate z(5).
-26
Let v(l) = 11*l**2 - 8555*l - 175513. Determine v(-20).
-13
Let d(f) = 46269*f + 415929. Calculate d(-9).
-492
Let y(z) = 262*z - 426. What is y(-2)?
-950
Let l(i) = -146190*i - 5847606. Determine l(-40).
-6
Let x(a) = -2*a**3 + 85*a**2 - 351*a + 105. Determine x(38).
-237
Let s(m) = 7161*m + 279270. What is s(-39)?
-9
Let f(k) = 797*k**2 + 768*k - 57. Determine f(-1).
-28
Let b(m) = -m**3 - 185*m**2 - 793*m - 12464. Give b(-181).
25
Let m(f) = -275*f**2 + 102*f + 8. Determine m(1).
-165
Let i(m) = 2224*m + 182364. Calculate i(-82).
-4
Let c(v) = -v**3 + 277*v**2 + 4719*v + 488. Calculate c(-16).
-8
Let j(l) = -2*l**2 - 929*l - 99936. Determine j(-172).
684
Let g(o) = -13*o**2 + 43365*o - 86720. Give g(2).
-42
Let d(b) = -466*b - 11097. Determine d(-24).
87
Let r(d) = d**2 + 54*d - 36525. Give r(-220).
-5
Let y(q) = 2*q**2 + 182*q - 83477. Determine y(164).
163
Let a(f) = f**3 + 975*f**2 + 1055*f + 78908. Give a(-974).
14
Let j(a) = 12*a**3 + 882*a**2 + 410*a - 2039. Determine j(-73).
5
Let q(v) = 136*v - 137. Give q(0).
-137
Let m(c) = 266*c**2 + 1259*c + 38. Calculate m(-7).
4259
Let f(v) = -4406*v - 246564. Determine f(-56).
172
Let f(y) = -y**3 + 52*y**2 - 267*y + 1433. What is f(47)?
-71
Let v(o) = -463*o**2 - 2258*o + 429. Give v(-5).
144
Let t(q) = -11*q**2 - 1775*q - 32900. What is t(-140)?
0
Let o(y) = -2751*y + 77075. Give o(28).
47
Let u(t) = t**3 + 6*t**2 - 149*t + 667. Determine u(-17).
21
Let b(n) = 351*n - 51154. What is b(145)?
-259
Let j(g) = 602*g + 12809. Calculate j(-19).
1371
Let l(s) = 389247*s + 1556983. What is l(-4)?
-5
Let w(v) = -1749*v - 5575. Give w(-3).
-328
Let t(a) = 5*a + 988. Determine t(6).
1018
Let r(y) = -7049*y - 655548. Determine r(-93).
9
Let p(s) = -129985*s - 25087100. Give p(-193).
5
Let f(b) = 7*b**3 - 1925*b**2 - 39*b + 10709. Calculate f(275).
-16
Let y(w) = -w**2 - 1180*w - 26580. What is y(-23)?
31
Let m(a) = -4883448*a - 24417220. Give m(-5).
20
Let c(n) = -5254*n**2 - 10354*n + 2. Give c(-2).
-306
Let n(u) = -9300*u - 1171826. Calculate n(-126).
-26
Let z(l) = -l**2 + 424*l - 42917. Give z(166).
-89
Let s(y) = -y**3 + 147*y**2 - 4416*y + 45. What is s(42)?
-207
Let d(t) = 5*t**3 - 65*t**2 - 484*t + 2445. Determine d(17).
-3
Let i(j) = -j**2 - 14137*j - 310505. Give i(-22).
25
Let m(v) = -58588*v + 176085. Determine m(3).
321
Let z(x) = -47*x**3 + 517*x**2 - 8*x + 56. Give z(11).
-32
Let n(c) = -7*c**3 - 65*c**2 - 49*c - 237. What is n(-8)?
-421
Let c(q) = 2*q**2 - 24*q - 341. Determine c(-8).
-21
Let o(t) = t**2 + 177*t - 3118. Determine o(15).
-238
Let f(m) = -109830*m - 219646. Calculate f(-2).
14
Let y(i) = 4*i**2 - 47*i - 39. Calculate y(21).
738
Let i(r) = -r**2 + 337047*r - 45819900. Calculate i(136).
-4
Let x(f) = f**3 + 38*f**2 - 1415*f - 53764. What is x(-37)?
-40
Let k(w) = -26*w**2 + 2346*w - 4494. Determine k(2).
94
Let x(w) = 7525*w - 210737. Give x(28).
-37
Let q(l) = -1868*l - 32484. What is q(-17)?
-728
Let o(y) = 3*y**3 + 283*y**2 - 778*y - 224. Determine o(-97).
-30
Let k(b) = -b**3 - 25*b**2 - 67*b + 699. Give k(4).
-33
Let k(h) = 15052*h**2 - 225740*h - 605. Give k(15).
-5
Let z(n) = -2*n**3 + 45*n**2 + 82*n - 122. Determine z(24).
118
Let p(s) = -397402*s + 9140242. Determine p(23).
-4
Let y(j) = 745*j + 11217. What is y(-15)?
42
Let d(u) = 7423*u + 44999. Calculate d(-6).
461
Let o(z) = 3*z**2 + 127*z - 3567. What is o(-62)?
91
Let t(u) = u**2 - 768*u - 38729. Calculate t(-47).
-424
Let u(b) = -57*b**2 + 8957*b - 1254. What is u(157)?
2
Let r(f) = 2*f**3 + 10*f**2 - 71*f - 398. Calculate r(-6).
-44
Let w(h) = 1646*h - 8819. Calculate w(7).
2703
Let o(i) = i**3 - 146*i**2 - 1230*i - 750. What is o(154)?
-442
Let f(i) = 2*i**3 - 15*i**2 + 3642*i - 21754. Give f(6).
-10
Let p(m) = -73*m**3 - 290*m**2 + 11*m + 6. Determine p(-4).
-6
Let y(h) = 6835*h**2 - h - 37. Determine y(0).
-37
Let t(w) = 6*w**2 - 277*w - 1932. Calculate t(-7).
301
Let y(i) = i**3 - 48*i**2 - 123*i - 879. Give y(51).
651
Let j(o) = -22*o**2 + 7573*o - 1706. Give j(344).
14
Let g(j) = -701*j**2 + 1322*j - 6. What is g(2)?
-166
Let w(u) = -30*u**2 - 663*u + 23. Calculate w(-22).
89
Let g(i) = 3*i**3 + 108*i**2 - 131*i + 109. Determine g(-37).
849
Let s(t) = 2044*t + 202336. What is s(-99)?
-20
Let i(a) = -11481*a - 287013. Give i(-25).
12
Let s(c) = c**2 - 3312*c - 63212. Determine s(-19).
77
Let s(j) = -j**2 + 30*j - 467. Calculate s(17).
-246
Let v(g) = 10*g**3 - 2*g**2 + 70*g - 129. Determine v(2).
83
Let f(x) = -x**3 - 143*x**2 + 286*x - 283. Calculate f(-145).
297
Let m(y) = -55172*y + 3310329. Give m(60).
9
Let r(m) = m**3 - 254*m**2 + 833*m - 219. Determine r(3).
21
Let o(w) = 3854*w - 300580. Calculate o(78).
32
Let z(j) = 2*j**3 + 35*j**2 + 43*j + 608. Calculate z(-15).
1088
Let w(n) = 7*n**3 - 1414*n**2 - 1426*n + 1231. What is w(203)?
216
Let u(w) = 191*w - 5544. Give u(23).
-1151
Let q(u) = 2*u**2 - 1093*u + 27088. Calculate q(26).
22
Let i(m) = 2449*m + 166498. Give i(-68).
-34
Let a(z) = 392*z + 7382. Determine a(-18).
326
Let y(u) = -1044*u**3 + 4*u**2 + u - 2. Calculate y(-1).
1045
Let m(i) = 23*i**3 + 235*i**2 + 185*i - 77. What is m(-10)?
-1427
Let q(k) = k**3 + 26*k**2 - 133*k - 435. Calculate q(-30).
-45
Let x(m) = -2*m**3 + 5*m**2 + 574*m + 3993. Give x(-7).
906
Let q(w) = 104*w**2 + 97*w + 288. Calculate q(-3).
933
Let d(m) = m**2 - 27252*m - 2159136. Calculate d(-79).
13
Let w(y) = 2*y**2 + 178*y - 5722. What is w(25)?
-22
Let l(p) = 4*p**2 + 585*p - 3496. What is l(-152)?
0
Let j(a) = -a**3 + 82*a**2 + 284*a + 155. Calculate j(-3).
68
Let p(b) = -11051*b + 276003. What is p(25)?
-272
Let n(j) = 5349*j - 43792. Give n(8).
-1000
Let v(f) = -13293*f + 1900888. Give v